{"id":303,"date":"2025-11-28T02:09:42","date_gmt":"2025-11-28T05:09:42","guid":{"rendered":"https:\/\/simplecrm.cl\/blog\/plans\/"},"modified":"2026-01-09T15:20:18","modified_gmt":"2026-01-09T18:20:18","slug":"contactanos-2","status":"publish","type":"page","link":"https:\/\/simplecrm.cl\/chile\/contactanos-2\/","title":{"rendered":"Plans"},"content":{"rendered":"\t\t<div data-elementor-type=\"wp-page\" data-elementor-id=\"303\" class=\"elementor elementor-303\">\n\t\t\t\t<div class=\"elementor-element elementor-element-97d6c5f e-flex e-con-boxed wpr-particle-no wpr-jarallax-no wpr-parallax-no wpr-sticky-section-no e-con e-parent\" data-id=\"97d6c5f\" data-element_type=\"container\" data-settings=\"{&quot;background_background&quot;:&quot;classic&quot;}\">\n\t\t\t\t\t<div class=\"e-con-inner\">\n\t\t\t\t<div class=\"elementor-element elementor-element-9e556ac elementor-widget elementor-widget-heading\" data-id=\"9e556ac\" data-element_type=\"widget\" data-widget_type=\"heading.default\">\n\t\t\t\t<div class=\"elementor-widget-container\">\n\t\t\t\t\t<h2 class=\"elementor-heading-title elementor-size-default\">Cont\u00e1ctanos<\/h2>\t\t\t\t<\/div>\n\t\t\t\t<\/div>\n\t\t\t\t\t<\/div>\n\t\t\t\t<\/div>\n\t\t<div class=\"elementor-element elementor-element-9544c9f formulario-contacto e-flex e-con-boxed wpr-particle-no wpr-jarallax-no wpr-parallax-no wpr-sticky-section-no e-con e-parent\" data-id=\"9544c9f\" data-element_type=\"container\">\n\t\t\t\t\t<div class=\"e-con-inner\">\n\t\t<div class=\"elementor-element elementor-element-bd74c58 e-con-full e-flex wpr-particle-no wpr-jarallax-no wpr-parallax-no wpr-sticky-section-no e-con e-child\" data-id=\"bd74c58\" data-element_type=\"container\">\n\t\t\t\t<div class=\"elementor-element elementor-element-61936b1 elementor-widget elementor-widget-heading\" data-id=\"61936b1\" data-element_type=\"widget\" data-widget_type=\"heading.default\">\n\t\t\t\t<div class=\"elementor-widget-container\">\n\t\t\t\t\t<h2 class=\"elementor-heading-title elementor-size-default\">Estamos aqu\u00ed para resolver tus dudas<\/h2>\t\t\t\t<\/div>\n\t\t\t\t<\/div>\n\t\t\t\t<div class=\"elementor-element elementor-element-55c42ae elementor-widget elementor-widget-text-editor\" data-id=\"55c42ae\" data-element_type=\"widget\" data-widget_type=\"text-editor.default\">\n\t\t\t\t<div class=\"elementor-widget-container\">\n\t\t\t\t\t\t\t\t\t<p><span dir=\"auto\" style=\"vertical-align: inherit;\"><span dir=\"auto\" style=\"vertical-align: inherit;\"><span dir=\"auto\" style=\"vertical-align: inherit;\"><span dir=\"auto\" style=\"vertical-align: inherit;\">\u00bfTienes alguna pregunta sobre nuestros planes? \u00bfQuieres saber si Simple CRM es la soluci\u00f3n correcta para tu negocio? Nuestro equipo de expertos en est\u00e1 listo para ayudarte. Completa el formulario de abajo o escr\u00edbenos directamente.<\/span><\/span><\/span><\/span><\/p>\t\t\t\t\t\t\t\t<\/div>\n\t\t\t\t<\/div>\n\t\t\t\t<\/div>\n\t\t<div class=\"elementor-element elementor-element-287d147 e-con-full e-flex wpr-particle-no wpr-jarallax-no wpr-parallax-no wpr-sticky-section-no e-con e-child\" data-id=\"287d147\" data-element_type=\"container\">\n\t\t\t\t<div class=\"elementor-element elementor-element-ba3df07 wpr-step-type-number_text wpr-step-content-layout-vertical wpr-custom-styles-yes elementor-widget elementor-widget-wpr-form-builder\" data-id=\"ba3df07\" data-element_type=\"widget\" data-settings=\"{&quot;success_message&quot;:&quot;Submission successful&quot;,&quot;error_message&quot;:&quot;Submission failed&quot;,&quot;button_width&quot;:{&quot;unit&quot;:&quot;%&quot;,&quot;size&quot;:100,&quot;sizes&quot;:[]},&quot;button_width_tablet&quot;:{&quot;unit&quot;:&quot;px&quot;,&quot;size&quot;:&quot;&quot;,&quot;sizes&quot;:[]},&quot;button_width_mobile&quot;:{&quot;unit&quot;:&quot;px&quot;,&quot;size&quot;:&quot;&quot;,&quot;sizes&quot;:[]},&quot;step_type&quot;:&quot;number_text&quot;,&quot;step_content_layout&quot;:&quot;vertical&quot;}\" data-widget_type=\"wpr-form-builder.default\">\n\t\t\t\t<div class=\"elementor-widget-container\">\n\t\t\t\t\t\t\t<form class=\"wpr-form\" method=\"post\" name=\"New Form\" page=\"Plans\" page_id=\"303\" novalidate>\n\t\t\t<input type=\"hidden\" name=\"post_id\" value=\"303\"\/>\n\t\t\t<input type=\"hidden\" name=\"form_id\" value=\"ba3df07\"\/>\n\t\t\t<input type=\"hidden\" name=\"referer_title\" value=\"CRM Chile\" \/>\n\n\t\t\t<div class=\"wpr-step-wrap\"><\/div>\n\t\t\t<div class=\"wpr-form-fields-wrap wpr-labels-above\">\n\t\t\t\t\t\t\t\t\t<div class=\"wpr-form-field-type-text wpr-field-group wpr-column wpr-field-group-name elementor-repeater-item-ddbdfe6\">\n\t\t\t\t\t\t\t\t\t\t\t\t\t\t<label for=\"form-field-name\" class=\"wpr-form-field-label\">\n\t\t\t\t\t\t\t\t\tNombre\t\t\t\t\t\t\t\t<\/label>\n\t\t\t\t\t\t\t<input size=\"1 \"type=\"text\" name=\"form_fields[name]\" id=\"form-field-name\" class=\"wpr-form-field  wpr-form-field-textual\" placeholder=\"Ej: Carlos Rubio\">\t\t\t\t\t<\/div>\n\t\t\t\t\t\t\t\t\t<div class=\"wpr-form-field-type-email wpr-field-group wpr-column wpr-field-group-email elementor-repeater-item-108014e wpr-form-field-required\">\n\t\t\t\t\t\t\t\t\t\t\t\t\t\t<label for=\"form-field-email\" class=\"wpr-form-field-label\">\n\t\t\t\t\t\t\t\t\tEmail\t\t\t\t\t\t\t\t<\/label>\n\t\t\t\t\t\t\t<input size=\"1 \"type=\"email\" name=\"form_fields[email]\" id=\"form-field-email\" class=\"wpr-form-field  wpr-form-field-textual\" placeholder=\"Tu correo\" required=\"required\" aria-required=\"true\">\t\t\t\t\t<\/div>\n\t\t\t\t\t\t\t\t\t<div class=\"wpr-form-field-type-textarea wpr-field-group wpr-column wpr-field-group-message elementor-repeater-item-1cfc11a\">\n\t\t\t\t\t\t\t\t\t\t\t\t\t\t<label for=\"form-field-message\" class=\"wpr-form-field-label\">\n\t\t\t\t\t\t\t\t\tMensaje\t\t\t\t\t\t\t\t<\/label>\n\t\t\t\t\t\t\t<textarea class=\"wpr-form-field-textual wpr-form-field \" name=\"form_fields[message]\" id=\"form-field-message\" rows=\"7\" placeholder=\"\u00bfComo podemos ayudarte?\"><\/textarea>\t\t\t\t\t<\/div>\n\t\t\t\t<div class=\"wpr-field-group wpr-stp-btns-wrap wpr-column wpr-form-field-type-submit\" data-actions=\"[&quot;email&quot;]\" data-redirect-url=\"\" data-mailchimp-fields=\"{&quot;email_field&quot;:&quot;&quot;,&quot;first_name_field&quot;:&quot;&quot;,&quot;last_name_field&quot;:&quot;&quot;,&quot;address_field&quot;:&quot;&quot;,&quot;phone_field&quot;:&quot;&quot;,&quot;birthday_field&quot;:&quot;&quot;,&quot;group_id&quot;:&quot;&quot;}\" data-list-id=\"\">\t\t\t<button type=\"submit\" class=\"wpr-button\">\n\t\t\t\t<span >\n\t\t\t\t\t\t\t\t\t\t\t\t\t\t\t\t<span>Enviar<\/span>\n\t\t\t\t\t\t\t\t\t\t\t\t\t\t<\/span>\t\n\t\t\t\t<div class=\"wpr-double-bounce wpr-loader-hidden\">\n\t\t\t\t\t<div class=\"wpr-child wpr-double-bounce1\"><\/div>\n\t\t\t\t\t<div class=\"wpr-child wpr-double-bounce2\"><\/div>\n\t\t\t\t<\/div>\n\t\t\t<\/button>\n\t\t<\/div>\t\t\t\t\n\t\t\t<\/div>\n\t\t<\/form>\n\t  \t\t\t\t<\/div>\n\t\t\t\t<\/div>\n\t\t\t\t<\/div>\n\t\t\t\t\t<\/div>\n\t\t\t\t<\/div>\n\t\t\t\t<\/div>\n\t\t","protected":false},"excerpt":{"rendered":"<p>Cont\u00e1ctanos Estamos aqu\u00ed para resolver tus dudas \u00bfTienes alguna pregunta sobre nuestros planes? \u00bfQuieres saber si Simple CRM es la soluci\u00f3n correcta para tu negocio? Nuestro equipo de expertos en est\u00e1 listo para ayudarte. Completa el formulario de abajo o escr\u00edbenos directamente. Nombre Email Mensaje Enviar<\/p>\n","protected":false},"author":1,"featured_media":0,"parent":0,"menu_order":0,"comment_status":"closed","ping_status":"closed","template":"","meta":{"site-sidebar-layout":"no-sidebar","site-content-layout":"page-builder","ast-site-content-layout":"full-width-container","site-content-style":"unboxed","site-sidebar-style":"unboxed","ast-global-header-display":"","ast-banner-title-visibility":"","ast-main-header-display":"","ast-hfb-above-header-display":"","ast-hfb-below-header-display":"","ast-hfb-mobile-header-display":"","site-post-title":"disabled","ast-breadcrumbs-content":"","ast-featured-img":"disabled","footer-sml-layout":"","theme-transparent-header-meta":"enabled","adv-header-id-meta":"","stick-header-meta":"","header-above-stick-meta":"","header-main-stick-meta":"","header-below-stick-meta":"","astra-migrate-meta-layouts":"set","ast-page-background-enabled":"default","ast-page-background-meta":{"desktop":{"background-color":"","background-image":"","background-repeat":"repeat","background-position":"center center","background-size":"auto","background-attachment":"scroll","background-type":"","background-media":"","overlay-type":"","overlay-color":"","overlay-opacity":"","overlay-gradient":""},"tablet":{"background-color":"","background-image":"","background-repeat":"repeat","background-position":"center center","background-size":"auto","background-attachment":"scroll","background-type":"","background-media":"","overlay-type":"","overlay-color":"","overlay-opacity":"","overlay-gradient":""},"mobile":{"background-color":"","background-image":"","background-repeat":"repeat","background-position":"center center","background-size":"auto","background-attachment":"scroll","background-type":"","background-media":"","overlay-type":"","overlay-color":"","overlay-opacity":"","overlay-gradient":""}},"ast-content-background-meta":{"desktop":{"background-color":"var(--ast-global-color-5)","background-image":"","background-repeat":"repeat","background-position":"center center","background-size":"auto","background-attachment":"scroll","background-type":"","background-media":"","overlay-type":"","overlay-color":"","overlay-opacity":"","overlay-gradient":""},"tablet":{"background-color":"var(--ast-global-color-5)","background-image":"","background-repeat":"repeat","background-position":"center center","background-size":"auto","background-attachment":"scroll","background-type":"","background-media":"","overlay-type":"","overlay-color":"","overlay-opacity":"","overlay-gradient":""},"mobile":{"background-color":"var(--ast-global-color-5)","background-image":"","background-repeat":"repeat","background-position":"center center","background-size":"auto","background-attachment":"scroll","background-type":"","background-media":"","overlay-type":"","overlay-color":"","overlay-opacity":"","overlay-gradient":""}},"footnotes":""},"class_list":["post-303","page","type-page","status-publish","hentry"],"yoast_head":"<!-- This site is optimized with the Yoast SEO plugin v26.6 - https:\/\/yoast.com\/wordpress\/plugins\/seo\/ -->\n<title>Plans - CRM Chile<\/title>\n<meta name=\"robots\" content=\"index, follow, max-snippet:-1, max-image-preview:large, max-video-preview:-1\" \/>\n<link rel=\"canonical\" href=\"https:\/\/simplecrm.cl\/chile\/contactanos-2\/\" \/>\n<meta property=\"og:locale\" content=\"es_ES\" \/>\n<meta property=\"og:type\" content=\"article\" \/>\n<meta property=\"og:title\" content=\"Plans - CRM Chile\" \/>\n<meta property=\"og:description\" content=\"Cont\u00e1ctanos Estamos aqu\u00ed para resolver tus dudas \u00bfTienes alguna pregunta sobre nuestros planes? \u00bfQuieres saber si Simple CRM es la soluci\u00f3n correcta para tu negocio? Nuestro equipo de expertos en est\u00e1 listo para ayudarte. Completa el formulario de abajo o escr\u00edbenos directamente. Nombre Email Mensaje Enviar\" \/>\n<meta property=\"og:url\" content=\"https:\/\/simplecrm.cl\/chile\/contactanos-2\/\" \/>\n<meta property=\"og:site_name\" content=\"CRM Chile\" \/>\n<meta property=\"article:modified_time\" content=\"2026-01-09T18:20:18+00:00\" \/>\n<meta name=\"twitter:card\" content=\"summary_large_image\" \/>\n<meta name=\"twitter:label1\" content=\"Tiempo estimado de lectura\" \/>\n\t<meta name=\"twitter:data1\" content=\"1 minuto\" \/>\n<script type=\"application\/ld+json\" class=\"yoast-schema-graph\">{\"@context\":\"https:\/\/schema.org\",\"@graph\":[{\"@type\":\"WebPage\",\"@id\":\"https:\/\/simplecrm.cl\/chile\/contactanos-2\/\",\"url\":\"https:\/\/simplecrm.cl\/chile\/contactanos-2\/\",\"name\":\"Plans - CRM Chile\",\"isPartOf\":{\"@id\":\"https:\/\/simplecrm.cl\/chile\/#website\"},\"datePublished\":\"2025-11-28T05:09:42+00:00\",\"dateModified\":\"2026-01-09T18:20:18+00:00\",\"breadcrumb\":{\"@id\":\"https:\/\/simplecrm.cl\/chile\/contactanos-2\/#breadcrumb\"},\"inLanguage\":\"es-CL\",\"potentialAction\":[{\"@type\":\"ReadAction\",\"target\":[\"https:\/\/simplecrm.cl\/chile\/contactanos-2\/\"]}]},{\"@type\":\"BreadcrumbList\",\"@id\":\"https:\/\/simplecrm.cl\/chile\/contactanos-2\/#breadcrumb\",\"itemListElement\":[{\"@type\":\"ListItem\",\"position\":1,\"name\":\"Portada\",\"item\":\"https:\/\/simplecrm.cl\/chile\/\"},{\"@type\":\"ListItem\",\"position\":2,\"name\":\"Plans\"}]},{\"@type\":\"WebSite\",\"@id\":\"https:\/\/simplecrm.cl\/chile\/#website\",\"url\":\"https:\/\/simplecrm.cl\/chile\/\",\"name\":\"CRM Chile\",\"description\":\"\",\"publisher\":{\"@id\":\"https:\/\/simplecrm.cl\/chile\/#organization\"},\"potentialAction\":[{\"@type\":\"SearchAction\",\"target\":{\"@type\":\"EntryPoint\",\"urlTemplate\":\"https:\/\/simplecrm.cl\/chile\/?s={search_term_string}\"},\"query-input\":{\"@type\":\"PropertyValueSpecification\",\"valueRequired\":true,\"valueName\":\"search_term_string\"}}],\"inLanguage\":\"es-CL\"},{\"@type\":\"Organization\",\"@id\":\"https:\/\/simplecrm.cl\/chile\/#organization\",\"name\":\"CRM Chile\",\"url\":\"https:\/\/simplecrm.cl\/chile\/\",\"logo\":{\"@type\":\"ImageObject\",\"inLanguage\":\"es-CL\",\"@id\":\"https:\/\/simplecrm.cl\/chile\/#\/schema\/logo\/image\/\",\"url\":\"https:\/\/simplecrm.cl\/chile\/wp-content\/uploads\/2025\/11\/LOGO-SIN-FONDO.png\",\"contentUrl\":\"https:\/\/simplecrm.cl\/chile\/wp-content\/uploads\/2025\/11\/LOGO-SIN-FONDO.png\",\"width\":1024,\"height\":1024,\"caption\":\"CRM Chile\"},\"image\":{\"@id\":\"https:\/\/simplecrm.cl\/chile\/#\/schema\/logo\/image\/\"}}]}<\/script>\n<!-- \/ Yoast SEO plugin. -->","yoast_head_json":{"title":"Plans - CRM Chile","robots":{"index":"index","follow":"follow","max-snippet":"max-snippet:-1","max-image-preview":"max-image-preview:large","max-video-preview":"max-video-preview:-1"},"canonical":"https:\/\/simplecrm.cl\/chile\/contactanos-2\/","og_locale":"es_ES","og_type":"article","og_title":"Plans - CRM Chile","og_description":"Cont\u00e1ctanos Estamos aqu\u00ed para resolver tus dudas \u00bfTienes alguna pregunta sobre nuestros planes? \u00bfQuieres saber si Simple CRM es la soluci\u00f3n correcta para tu negocio? Nuestro equipo de expertos en est\u00e1 listo para ayudarte. Completa el formulario de abajo o escr\u00edbenos directamente. Nombre Email Mensaje Enviar","og_url":"https:\/\/simplecrm.cl\/chile\/contactanos-2\/","og_site_name":"CRM Chile","article_modified_time":"2026-01-09T18:20:18+00:00","twitter_card":"summary_large_image","twitter_misc":{"Tiempo estimado de lectura":"1 minuto"},"schema":{"@context":"https:\/\/schema.org","@graph":[{"@type":"WebPage","@id":"https:\/\/simplecrm.cl\/chile\/contactanos-2\/","url":"https:\/\/simplecrm.cl\/chile\/contactanos-2\/","name":"Plans - CRM Chile","isPartOf":{"@id":"https:\/\/simplecrm.cl\/chile\/#website"},"datePublished":"2025-11-28T05:09:42+00:00","dateModified":"2026-01-09T18:20:18+00:00","breadcrumb":{"@id":"https:\/\/simplecrm.cl\/chile\/contactanos-2\/#breadcrumb"},"inLanguage":"es-CL","potentialAction":[{"@type":"ReadAction","target":["https:\/\/simplecrm.cl\/chile\/contactanos-2\/"]}]},{"@type":"BreadcrumbList","@id":"https:\/\/simplecrm.cl\/chile\/contactanos-2\/#breadcrumb","itemListElement":[{"@type":"ListItem","position":1,"name":"Portada","item":"https:\/\/simplecrm.cl\/chile\/"},{"@type":"ListItem","position":2,"name":"Plans"}]},{"@type":"WebSite","@id":"https:\/\/simplecrm.cl\/chile\/#website","url":"https:\/\/simplecrm.cl\/chile\/","name":"CRM Chile","description":"","publisher":{"@id":"https:\/\/simplecrm.cl\/chile\/#organization"},"potentialAction":[{"@type":"SearchAction","target":{"@type":"EntryPoint","urlTemplate":"https:\/\/simplecrm.cl\/chile\/?s={search_term_string}"},"query-input":{"@type":"PropertyValueSpecification","valueRequired":true,"valueName":"search_term_string"}}],"inLanguage":"es-CL"},{"@type":"Organization","@id":"https:\/\/simplecrm.cl\/chile\/#organization","name":"CRM Chile","url":"https:\/\/simplecrm.cl\/chile\/","logo":{"@type":"ImageObject","inLanguage":"es-CL","@id":"https:\/\/simplecrm.cl\/chile\/#\/schema\/logo\/image\/","url":"https:\/\/simplecrm.cl\/chile\/wp-content\/uploads\/2025\/11\/LOGO-SIN-FONDO.png","contentUrl":"https:\/\/simplecrm.cl\/chile\/wp-content\/uploads\/2025\/11\/LOGO-SIN-FONDO.png","width":1024,"height":1024,"caption":"CRM Chile"},"image":{"@id":"https:\/\/simplecrm.cl\/chile\/#\/schema\/logo\/image\/"}}]}},"_links":{"self":[{"href":"https:\/\/simplecrm.cl\/chile\/wp-json\/wp\/v2\/pages\/303","targetHints":{"allow":["GET"]}}],"collection":[{"href":"https:\/\/simplecrm.cl\/chile\/wp-json\/wp\/v2\/pages"}],"about":[{"href":"https:\/\/simplecrm.cl\/chile\/wp-json\/wp\/v2\/types\/page"}],"author":[{"embeddable":true,"href":"https:\/\/simplecrm.cl\/chile\/wp-json\/wp\/v2\/users\/1"}],"replies":[{"embeddable":true,"href":"https:\/\/simplecrm.cl\/chile\/wp-json\/wp\/v2\/comments?post=303"}],"version-history":[{"count":43,"href":"https:\/\/simplecrm.cl\/chile\/wp-json\/wp\/v2\/pages\/303\/revisions"}],"predecessor-version":[{"id":1404,"href":"https:\/\/simplecrm.cl\/chile\/wp-json\/wp\/v2\/pages\/303\/revisions\/1404"}],"wp:attachment":[{"href":"https:\/\/simplecrm.cl\/chile\/wp-json\/wp\/v2\/media?parent=303"}],"curies":[{"name":"wp","href":"https:\/\/api.w.org\/{rel}","templated":true}]}}